at is the highest common factor of u and 70?
10
Suppose 0 = -40*w - 17*w + 29127. Calculate the highest common factor of 63 and w.
7
Suppose -24*a - 3*a = -216. Let r be (a/(-1))/((-26)/169). Calculate the highest common divisor of 299 and r.
13
Let j(w) = w**2 + 16*w - 12. Let b be j(-17). Suppose b*i + 145 = -10. Let t = 122 + i. What is the highest common factor of 7 and t?
7
Let k(u) = 24*u**2 - 290*u + 12. Let p be k(14). Calculate the highest common divisor of 112 and p.
16
Let r be 0/(9 - (-8 - -19)). Suppose r = 4*c - 4*a - 40, -33 = -2*c + 4*a - 9. What is the greatest common divisor of 108 and c?
4
Let l = 327 + -153. Let k be 0*((-28)/(-12) + -2)*3. Suppose -10*p + 6 + l = k. What is the highest common factor of p and 2?
2
Let a be (4/6)/(14/(-987)). Let t = -43 - a. Suppose t*p - 69 = -0*p - u, 13 = p - 4*u. What is the greatest common factor of p and 68?
17
Suppose 0 = a + 4*a - 1020. Suppose j + 2*j - 39 = -4*l, 3*l - 45 = 3*j. What is the greatest common factor of a and l?
12
Suppose -434 = -25*o + 291. Suppose -33*v + o*v = -176. Calculate the greatest common factor of v and 132.
44
Suppose 2*m = -2*x + 7*m + 497, -2*x - 2*m + 518 = 0. What is the highest common divisor of x and 6464?
64
Let x(l) = 35*l**2 - 33*l + 1. Let h be x(2). What is the highest common factor of 400 and h?
25
Let l = 163 - -353. Suppose 5*h + 2*n - l = -n, -5*n - 194 = -2*h. Suppose -2*o + 6*o + 44 = 2*f, -o = 2*f - 74. Calculate the highest common factor of h and f.
34
Suppose -2*f + 5*f = -3*u + 87, 4*f = 3*u + 81. Suppose -y + f - 21 = 0. Let q be -1 - (-18 + 2) - y. Calculate the highest common divisor of 24 and q.
12
Suppose 0 = -519*o + 160*o - 397*o + 25704. Let s(d) = d**3 + 5*d**2 - 8*d + 5. Let a be s(-6). Calculate the greatest common divisor of a and o.
17
Suppose -12 - 87 = -2*k + 3*g, -5 = 5*g. Calculate the highest common factor of k and 8.
8
Let n be (((-20)/10)/((-2)/(-5)))/(2/(-38)). What is the greatest common factor of n and 65?
5
Suppose 44 = -l + 5*x + 59, 5*x = 3*l - 35. Suppose 4*c + 2848 = 3*r, -5*c + l*c = -5*r + 4770. What is the highest common divisor of r and 119?
119
Suppose -22*q - f = -17*q - 22, 4*f = -12. Suppose -5 = -4*w - 17, -5*g + q*w = -60. Calculate the highest common divisor of 36 and g.
9
Let u(j) = -j**3 + 15*j**2 + 7*j - 1. Let b be u(16). Let c = b + 164. What is the greatest common divisor of 266 and c?
19
Let i(g) = -g**3 + 7*g**2 + 3*g - 5. Let y be i(7). Suppose 13*w - 8*w + 425 = 0. Let l = w - -89. What is the greatest common factor of y and l?
4
Let r = -49 + 65. Let a(q) = r - 2*q**2 - 7 - q**3 - 5*q**2 - 5*q. Let l be a(-7). Calculate the highest common divisor of 11 and l.
11
Let v(p) be the first derivative of p**3/3 - 8*p**2 - 18*p + 286. Let x be v(18). Calculate the greatest common divisor of 16 and x.
2
Let x be 2/(-44) - (251693/(-22))/13. Calculate the highest common factor of 11792 and x.
176
Suppose -4*s + 5*k + 351 = 0, 348 = 4*s + 457*k - 461*k. Calculate the highest common factor of 444 and s.
12
Suppose -3*n = -r + 49, 6*r + 74 = 8*r + 2*n. Suppose -4*z - 5*w = -64, 5*z = -5*w + 65 + 15. Calculate the greatest common divisor of z and r.
8
Let c be (-3 - 140/(-45)) + (-14368)/(-288). What is the highest common divisor of 30 and c?
10
Let c = 2872 - 1664. What is the greatest common factor of 112 and c?
8
Let w = 1622 - -2104. Calculate the highest common divisor of 253 and w.
23
Let x = 9 + -8. Suppose -s + 4 + x = 0. Let w(p) = -p**3 + 17*p**2 - 7*p + 164. Let y be w(17). What is the highest common factor of y and s?
5
Suppose -m + 241 = 2*d + 73, 0 = -4*m - 2*d + 678. Calculate the highest common divisor of 290 and m.
10
Let g be (-5)/(-2 + (-1455)/(-725)). Let t = 749 + g. Let a = 178 - 106. What is the highest common divisor of t and a?
24
Let u = 18 - 11. Let x(m) = -2*m**3 + 119*m**2 + 185*m + 11. Let b be x(61). Calculate the greatest common factor of b and u.
7
Suppose 1848 - 7152 = -136*b. What is the greatest common divisor of 975 and b?
39
Let l(o) = 62*o - 9*o + 6 + 27*o + 26*o. Let k be l(1). Suppose -69*d - k = -73*d. Calculate the greatest common factor of d and 42.
14
Suppose -2*l + l = 60. Let u be 361/6 + 10/l. Let c = 312 - 267. Calculate the greatest common factor of c and u.
15
Let c = 216 - 84. Suppose -5*s + c = 6*s. Let y = 588 + -372. Calculate the greatest common factor of y and s.
12
Let z(m) = -m**3 + 27*m**2 + 2*m - 39. Suppose -n = -17*n + 432. Let h be z(n). What is the highest common factor of 165 and h?
15
Let b(o) = 5*o + 353. Let q be b(111). Calculate the highest common factor of 12 and q.
4
Let n(k) = -151*k**2 + 755*k + 3. Let d be n(5). Suppose 0 = 4*c + 9 + 43. Let u be (c - -1)*(-99)/36. What is the greatest common divisor of d and u?
3
Suppose 0 = -3*j + 6, -4*h = -9*h + 4*j + 432. Suppose 16 = x - h. Let r = 40 - 14. Calculate the greatest common divisor of x and r.
26
Let i = 2472 - 2443. What is the greatest common divisor of 3712 and i?
29
Let i be 1 + 140 + 114/(-19). Let q = -111 + i. Calculate the greatest common divisor of q and 18.
6
Suppose -3*p = -2*c + 2*p - 107, -5*c + 5*p = 275. Let x = c - -122. Calculate the highest common divisor of 18 and x.
6
Let r be (-1)/3 - 56/12. Let z(x) = -x**3 - 4*x**2 + 3*x + 6. Let j be z(r). Suppose n - 346 = -330. Calculate the greatest common divisor of j and n.
16
Let d(v) = 15*v**2 + 2*v + 1. Let t(n) = n + 3. Let l be t(-4). Let s be d(l). Suppose 47*k - 88*k = -40*k - 4. Calculate the highest common divisor of s and k.
2
Let v = 10276 + -10123. What is the greatest common divisor of 27 and v?
9
Let r(l) = -2*l**3 + 6*l**2 - 4*l - 2. Let t be r(1). Let v(q) = -3*q**3 + 4*q**2 + 8*q + 5. Let u be v(t). Calculate the greatest common factor of 319 and u.
29
Suppose -3*n = -4*v + 1902, -73*n = 2*v - 75*n - 948. Calculate the highest common divisor of v and 100.
20
Let q be (5 - 4 - (-98)/(-28))/((-3)/732). What is the highest common divisor of q and 30?
10
Let a(b) = -b**3 + 11*b**2 + 14*b - 23. Let s = -6 + -114. Let v = -108 - s. Let f be a(v). Calculate the greatest common factor of f and 13.
1
Let n(x) = -x**2 - 8*x + 25. Let j be n(-10). Suppose -3*g - j*o + 43 = 0, -29*o + 27 = 3*g - 32*o. Calculate the greatest common divisor of 77 and g.
11
Let l(j) = j**2 - 16. Let c be l(14). Let v = c + -100. Let n = -6 + 11. Calculate the highest common factor of v and n.
5
Let d(k) = -1291*k + 59. Let p be d(0). Calculate the greatest common factor of p and 2183.
59
Let u = -20 + 26. Suppose 20 = -z + u*z - 5*r, 0 = 2*z + 4*r + 10. Let g be z/(-3*2/(-150)). What is the highest common divisor of 10 and g?
5
Let t be (-39)/(-1) + -3 + 2. Let m(g) = -58*g - 1. Let a be m(-1). Calculate the greatest common divisor of a and t.
19
Suppose 5*p - 6*p = 5, 2*y + 2*p - 20 = 0. Let s = -26 - -36. Calculate the highest common divisor of s and y.
5
Let k(p) = -17*p + 14 + 6*p + 7*p + p**2. Let l be k(6). Calculate the highest common factor of l and 182.
26
Let q(t) = 36*t**2 + 10*t + 96. Let k be q(-6). Calculate the highest common divisor of k and 108.
36
Suppose -2*z + 5648 = 5*h, 6*z = 3*h + 10*z - 3386. What is the greatest common divisor of 10 and h?
10
Suppose -4*y = -1373 + 847 - 1554. Calculate the highest common divisor of 1000 and y.
40
Suppose 0 = -3*o + v + 107 + 12, -5*v = -o + 49. Let r be 120/280 + 88/7 + -1. Suppose -a - r = -o. What is the highest common factor of 81 and a?
27
Suppose -4*l - 4*j - 3 = 1, -l + 3*j = -19. Suppose 3*p + 5 = -l. Let m be (-1)/p + (-451)/(-33). Calculate the highest common factor of 112 and m.
14
Suppose -240 = -30*i + 28*i. Suppose p - 162 = -2*t, 40*p - 43*p = 5*t - 485. What is the highest common divisor of p and i?
40
Let a(s) = s**2 - 99*s + 566. Let y be a(98). Let k = 260 - 152. What is the greatest common factor of k and y?
36
Suppose 3*a = b + 80 + 9, 3*a = 2*b + 88. Let u be (-2)/(32/20)*-4. Suppose 74 = -u*l + 1724. Calculate the highest common divisor of a and l.
30
Suppose 189 - 1 = -4*c. Let r = c + 87. Suppose -o - 2*u + 60 = 0, -o + r + 16 = u. What is the highest common divisor of o and 13?
13
Let r = -15 + 31. Suppose -2*o = 0, 2*i = -322*o + 324*o + 864. What is the highest common divisor of r and i?
16
Suppose -49*q + 1640 = -307 - 209. What is th